{"id":907,"date":"2021-09-27T18:14:56","date_gmt":"2021-09-27T18:14:56","guid":{"rendered":"https:\/\/initiative-waidmannslust.com\/?page_id=907"},"modified":"2021-09-27T18:15:32","modified_gmt":"2021-09-27T18:15:32","slug":"pfarrer-anders","status":"publish","type":"page","link":"https:\/\/initiative-waidmannslust.com\/index.php\/pfarrer-anders\/","title":{"rendered":"Interview mit Pfarrer Anders"},"content":{"rendered":"\n<figure class=\"wp-block-image size-full is-resized\"><img loading=\"lazy\" decoding=\"async\" src=\"https:\/\/initiative-waidmannslust.com\/wp-content\/uploads\/2021\/06\/Herr-Anders_Passbildgroesse-1.jpg\" alt=\"\" class=\"wp-image-878\" width=\"198\" height=\"255\" srcset=\"https:\/\/initiative-waidmannslust.com\/wp-content\/uploads\/2021\/06\/Herr-Anders_Passbildgroesse-1.jpg 413w, https:\/\/initiative-waidmannslust.com\/wp-content\/uploads\/2021\/06\/Herr-Anders_Passbildgroesse-1-233x300.jpg 233w\" sizes=\"auto, (max-width: 198px) 100vw, 198px\" \/><\/figure>\n\n\n\n<p><em>Herr Anders, seit 2019 sind Sie als Gemeindepfarrer der Evangelischen Kirchengemeinde hier in Waidmannslust t\u00e4tig. Wir von der Initiative Waidmannslust, die wir alle schon seit vielen Jahren in diesem Ortsteil wohnen und die wir an dessen Weiterentwicklung interessiert sind, haben eher eine Innensicht auf den Ortsteil und sind deshalb gespannt zu erfahren, welche Gr\u00fcnde zu Ihrer Entscheidung f\u00fcr ein Leben und Arbeiten in diesem Ortsteil gef\u00fchrt haben und ob sich Ihre Erwartungen erf\u00fcllt haben.<\/em><\/p>\n\n\n\n<p>Ja, \u2013 meine Frau und ich \u2013 wir k\u00f6nnen von uns sagen, dass sich unsere Erwartungen, die wir an ein Leben in dieser sch\u00f6nen gr\u00fcnen Umgebung hatten, wirklich erf\u00fcllt haben. Beruflich war es f\u00fcr uns eine Umstellung, Meine Frau f\u00fchlt sich in ihrem kollegialen Umfeld an der Gabriele-von-B\u00fclow- Schule inzwischen gut integriert, und das gilt auch f\u00fcr mich f\u00fcr die Gemeindearbeit hier in Waidmannslust und auch in Wittenau. Ich selbst bin ja in Reinickendorf gro\u00df geworden, und als Familie haben wir f\u00fcr mehrere Jahre in der Nachbarschaft von Frohnau gelebt und gearbeitet. Insofern war es nach 14 Jahren auch eine gew\u00fcnschte R\u00fcckkehr in nicht unbekannte Gefilde.<\/p>\n\n\n\n<p><em>Und dann kam die Pandemie. Inwieweit hat denn die Pandemie f\u00fcr Sie ganz pers\u00f6nlich Auswirkungen gehabt?<\/em><\/p>\n\n\n\n<p>Ich kann schon sagen, dass die Pandemie meinen Weg in den Kiez zu den Menschen an vielen Stellen ganz erheblich beeintr\u00e4chtigt hat: Ein pers\u00f6nliches Kennenlernender Akteure hier vor Ort konnte bislang nur sehr begrenzt stattfinden, wichtige Institutionen, wie z.B. die Schulen und Kitas, waren einfach f\u00fcr eine lange Zeit nicht zug\u00e4nglich. Dadurch fehlen mir noch manche konkreten Vorstellungen von Menschen und Institutionen vor Ort. Da besteht noch Nachholbedarf.<\/p>\n\n\n\n<p><em>Wenn Sie nun an Ihre Arbeit in der Gemeinde denken: Welche Spuren hat die Pandemie denn dort hinter lassen?<\/em><\/p>\n\n\n\n<p>Als Gemeindepfarrer merkt man nur zu gut, dass Gemeinde immer auch ein Ortmitten in der Gesellschaft ist. Gesellschaftspolitische Auseinandersetzungen, die es um Auswirkungen und Reaktionen auf die Pandemie gab, bilden sich fast eins zu eins auch im Gemeindeleben ab: Da gibt es Tendenzen streng interpretierter Umsetzungen von gesetzlichen Vorgaben ebenso wie ein eher von weniger gro\u00dfer \u00c4ngstlichkeit getragenes Verhalten. Ebenso war und ist umstritten, ob die rechtlich m\u00f6gliche \u00d6ffnung der Kirche f\u00fcr Gottesdienste in der Pandemie umgesetzt werden sollte \u2013 angesichts lange verbotener Kulturveranstaltungen. Verantwortung als Risikominimierung bzw. Solidarit\u00e4t mit anderen geschlossenen Einrichtungen oder als Aus\u00fcbung eines grundgesetzlich garantierten Rechts \u2013 das waren die Linien der Auseinandersetzung.<\/p>\n\n\n\n<p><em>Wie ist nun die aktuelle Situation unter den Bedingungen einer schrittweisen \u00d6ffnung?<\/em><\/p>\n\n\n\n<p>Es wird darum gehen, die entstandenen Differenzen \u00fcber den zur\u00fcckgelegten Weg der Gemeinde aufzuarbeiten. Das unterscheidet uns kaum von der Lage in der Gesellschaft. Und dabei wird auch zu kl\u00e4ren sein, inwieweit Kirche und Gemeinden \u2013grunds\u00e4tzlich und dann auch unter Pandemiebedingungen \u2013 Organisationen wie viele andere sind, oder ob es auch zu ihrem Auftrag geh\u00f6rt, Freir\u00e4ume anzubieten, begr\u00fcndete Gegenentw\u00fcrfe zu anderen gesellschaftlichen Akteuren. Einzelne allgemein als positiv erfahrene Vorg\u00e4nge \u2013 der Stationenweg am Heiligen Abend, Open-Air-Gottesdienste, Konfirmationen unter einem gro\u00dfen Festzelt, digitalisierte Gottesdienstformate und andere Instrumente digitalisierter Kommunikation \u2013werden wir in dieser oder jener Form auch k\u00fcnftig auf Umsetzbarkeit pr\u00fcfen. Manche Entwicklung war durchaus innovativ, daran werden wir ankn\u00fcpfen.<\/p>\n\n\n\n<p><em>Nun hoffen wir in unser aller Sinne, dass die Pandemie weiter abklingen wird und weniger unseren Alltag bestimmen wird. Wenn Sie an die n\u00e4here Zukunft denken, wo sehen Sie gerade hier in Bezug auf den Waidmannsluster Kiez Entwicklungsbedarf?<\/em><\/p>\n\n\n\n<p>Nun, das Tegeler Flie\u00df, der Steinbergpark, das Leben in einer gr\u00fcnen Umgebung mit hohem Freizeitwert, das leicht erreichbare Umland sind ganz bedeutsam f\u00fcr uns und gleichzeitig sch\u00e4tzen wir die gute Verkehrsanbindung durch die S-Bahn in die Innenstadt \u2013 wenn denn Ausfl\u00fcge wieder m\u00f6glich sind.<\/p>\n\n\n\n<p><em>Gibt es da nichts, was sie st\u00f6rt?<\/em><\/p>\n\n\n\n<p>Nat\u00fcrlich ist kein Wohnumfeld absolut perfekt. Aber: F\u00fcr die t\u00e4gliche Versorgunggibt es eine funktionierende Infrastruktur. Wir freuen uns, dass der Flugl\u00e4rm nach der Schlie\u00dfung von Tegel auch hier zu weniger L\u00e4rmbel\u00e4stigung f\u00fchrt. Wir hoffen, dass die Sperrung der Jean-Jaur\u00e8s- Stra\u00dfe bald endet, denn dort flie\u00dft der durchgehende Verkehr doch ungest\u00f6rter als hier \u00fcber das Kopfsteinpflaster der Hochjagdstra\u00dfe. Da kann ich das Anliegen der Initiative Waidmannslust, die auf dem Waidmannsluster Damm f\u00fcr Tempo 30 k\u00e4mpft, sehr gut nachvollziehen. \u00dcberhaupt sind der Waidmannsluster Damm und auch der Oraniendamm an keinem Abschnitt Orte, wo Menschen miteinander ins Gespr\u00e4ch kommen k\u00f6nnten \u2013 selbst in den Vorg\u00e4rten der Restaurants ist das nur eingeschr\u00e4nkt m\u00f6glich. Die beiden gro\u00dfen Hauptverkehrsadern zerschneiden vielmehr in meiner Sicht den Ortsteil.<\/p>\n\n\n\n<p><em>Was fehlt also Ihrer Ansicht vor allem f\u00fcr die Menschen hier?<\/em><\/p>\n\n\n\n<p>Menschen brauchen einen Ort der Begegnung, wo sie in Ruhe zusammenkommen k\u00f6nnen, sich austauschen, in entspannter Atmosph\u00e4re einen Kaffee trinken. Sicher ist der neue Dianaplatz schon ein guter Treffpunkt, aber ein Caf\u00e9 in gr\u00fcner Umgebung, das auch bei schlechtem Wetter Begegnungen m\u00f6glich macht, w\u00e4re meiner Meinung nach genau das, was die Umgebung noch lebenswerter machen k\u00f6nnte.<\/p>\n\n\n\n<p><em>Inwieweit k\u00f6nnten Sie denn bei einem solchen Projekt als Gemeindepfarrer helfen?<\/em><\/p>\n\n\n\n<p>Unsere Gemeinde verf\u00fcgt ja nicht nur \u00fcber einen wunderbaren Gemeindegarten, der in der momentanen Situation f\u00fcr unsere Open-Air-Gottesdienste genutzt wird. Aber da ist noch mehr Entwicklungspotential vorhanden: eine bessere Nutzung des Jugendhauses ist vorstellbar. Wir haben als Gemeinde unl\u00e4ngst einen Antrag bei der BVV um Unterst\u00fctzung aus Mitteln eines Kiezfonds gestellt f\u00fcr die Restaurierung des Turmzimmers der Kirche. Es soll zu einem Ort der Begegnung f\u00fcr Menschen aus Gemeinde und Kiez werden, auch f\u00fcr die Bewohner*innen der Cit\u00e9 Foch \u2013 Angebote f\u00fcr Sitzungen, Workshops und Diskussionsrunden sollen da bald entstehen. Wir werden noch weitere M\u00f6glichkeiten der \u00d6ffnung hin zu den Menschen im Kiezpr\u00fcfen, besonders auch zu denen, die jetzt neu hierhergezogen sind oder noch kommen werden. Ich bin sicher, verschiedene Orte der Begegnung werden gebraucht\u2013 und mich w\u00fcrde es freuen, wenn unsere Kirchengemeinde mit Mut, Phantasie und etwas Risikobereitschaft dazu etwas beitragen k\u00f6nnte.<\/p>\n\n\n\n<p><em>Herr Anders, ich danke Ihnen f\u00fcr dieses Gespr\u00e4ch.<\/em><\/p>\n\n\n\n<p>Das Gespr\u00e4ch wurde von Helga Nieschalk von der Initiative Waidmannslust am 01.06.2021 gef\u00fchrt.<\/p>\n","protected":false},"excerpt":{"rendered":"<p>Herr Anders, seit 2019 sind Sie als Gemeindepfarrer der Evangelischen &hellip; <\/p>\n","protected":false},"author":1,"featured_media":0,"parent":0,"menu_order":0,"comment_status":"closed","ping_status":"closed","template":"","meta":{"_bbp_topic_count":0,"_bbp_reply_count":0,"_bbp_total_topic_count":0,"_bbp_total_reply_count":0,"_bbp_voice_count":0,"_bbp_anonymous_reply_count":0,"_bbp_topic_count_hidden":0,"_bbp_reply_count_hidden":0,"_bbp_forum_subforum_count":0,"footnotes":""},"class_list":["post-907","page","type-page","status-publish","hentry"],"yoast_head":"<!-- This site is optimized with the Yoast SEO plugin v27.4 - https:\/\/yoast.com\/product\/yoast-seo-wordpress\/ -->\n<title>Interview mit Pfarrer Anders - Initiative-Waidmannslust<\/title>\n<meta name=\"robots\" content=\"index, follow, max-snippet:-1, max-image-preview:large, max-video-preview:-1\" \/>\n<link rel=\"canonical\" href=\"https:\/\/initiative-waidmannslust.com\/index.php\/pfarrer-anders\/\" \/>\n<meta property=\"og:locale\" content=\"de_DE\" \/>\n<meta property=\"og:type\" content=\"article\" \/>\n<meta property=\"og:title\" content=\"Interview mit Pfarrer Anders - Initiative-Waidmannslust\" \/>\n<meta property=\"og:description\" content=\"Herr Anders, seit 2019 sind Sie als Gemeindepfarrer der Evangelischen &hellip;\" \/>\n<meta property=\"og:url\" content=\"https:\/\/initiative-waidmannslust.com\/index.php\/pfarrer-anders\/\" \/>\n<meta property=\"og:site_name\" content=\"Initiative-Waidmannslust\" \/>\n<meta property=\"article:modified_time\" content=\"2021-09-27T18:15:32+00:00\" \/>\n<meta property=\"og:image\" content=\"https:\/\/initiative-waidmannslust.com\/wp-content\/uploads\/2021\/06\/Herr-Anders_Passbildgroesse-1.jpg\" \/>\n<meta name=\"twitter:card\" content=\"summary_large_image\" \/>\n<meta name=\"twitter:label1\" content=\"Gesch\u00e4tzte Lesezeit\" \/>\n\t<meta name=\"twitter:data1\" content=\"5\u00a0Minuten\" \/>\n<script type=\"application\/ld+json\" class=\"yoast-schema-graph\">{\"@context\":\"https:\\\/\\\/schema.org\",\"@graph\":[{\"@type\":\"WebPage\",\"@id\":\"https:\\\/\\\/initiative-waidmannslust.com\\\/index.php\\\/pfarrer-anders\\\/\",\"url\":\"https:\\\/\\\/initiative-waidmannslust.com\\\/index.php\\\/pfarrer-anders\\\/\",\"name\":\"Interview mit Pfarrer Anders - Initiative-Waidmannslust\",\"isPartOf\":{\"@id\":\"https:\\\/\\\/initiative-waidmannslust.com\\\/#website\"},\"primaryImageOfPage\":{\"@id\":\"https:\\\/\\\/initiative-waidmannslust.com\\\/index.php\\\/pfarrer-anders\\\/#primaryimage\"},\"image\":{\"@id\":\"https:\\\/\\\/initiative-waidmannslust.com\\\/index.php\\\/pfarrer-anders\\\/#primaryimage\"},\"thumbnailUrl\":\"https:\\\/\\\/initiative-waidmannslust.com\\\/wp-content\\\/uploads\\\/2021\\\/06\\\/Herr-Anders_Passbildgroesse-1.jpg\",\"datePublished\":\"2021-09-27T18:14:56+00:00\",\"dateModified\":\"2021-09-27T18:15:32+00:00\",\"breadcrumb\":{\"@id\":\"https:\\\/\\\/initiative-waidmannslust.com\\\/index.php\\\/pfarrer-anders\\\/#breadcrumb\"},\"inLanguage\":\"de\",\"potentialAction\":[{\"@type\":\"ReadAction\",\"target\":[\"https:\\\/\\\/initiative-waidmannslust.com\\\/index.php\\\/pfarrer-anders\\\/\"]}]},{\"@type\":\"ImageObject\",\"inLanguage\":\"de\",\"@id\":\"https:\\\/\\\/initiative-waidmannslust.com\\\/index.php\\\/pfarrer-anders\\\/#primaryimage\",\"url\":\"https:\\\/\\\/initiative-waidmannslust.com\\\/wp-content\\\/uploads\\\/2021\\\/06\\\/Herr-Anders_Passbildgroesse-1.jpg\",\"contentUrl\":\"https:\\\/\\\/initiative-waidmannslust.com\\\/wp-content\\\/uploads\\\/2021\\\/06\\\/Herr-Anders_Passbildgroesse-1.jpg\",\"width\":413,\"height\":532},{\"@type\":\"BreadcrumbList\",\"@id\":\"https:\\\/\\\/initiative-waidmannslust.com\\\/index.php\\\/pfarrer-anders\\\/#breadcrumb\",\"itemListElement\":[{\"@type\":\"ListItem\",\"position\":1,\"name\":\"Startseite\",\"item\":\"https:\\\/\\\/initiative-waidmannslust.com\\\/\"},{\"@type\":\"ListItem\",\"position\":2,\"name\":\"Interview mit Pfarrer Anders\"}]},{\"@type\":\"WebSite\",\"@id\":\"https:\\\/\\\/initiative-waidmannslust.com\\\/#website\",\"url\":\"https:\\\/\\\/initiative-waidmannslust.com\\\/\",\"name\":\"Initiative-Waidmannslust\",\"description\":\"\",\"publisher\":{\"@id\":\"https:\\\/\\\/initiative-waidmannslust.com\\\/#organization\"},\"potentialAction\":[{\"@type\":\"SearchAction\",\"target\":{\"@type\":\"EntryPoint\",\"urlTemplate\":\"https:\\\/\\\/initiative-waidmannslust.com\\\/?s={search_term_string}\"},\"query-input\":{\"@type\":\"PropertyValueSpecification\",\"valueRequired\":true,\"valueName\":\"search_term_string\"}}],\"inLanguage\":\"de\"},{\"@type\":\"Organization\",\"@id\":\"https:\\\/\\\/initiative-waidmannslust.com\\\/#organization\",\"name\":\"Initiative Waidmannslust\",\"url\":\"https:\\\/\\\/initiative-waidmannslust.com\\\/\",\"logo\":{\"@type\":\"ImageObject\",\"inLanguage\":\"de\",\"@id\":\"https:\\\/\\\/initiative-waidmannslust.com\\\/#\\\/schema\\\/logo\\\/image\\\/\",\"url\":\"https:\\\/\\\/initiative-waidmannslust.com\\\/wp-content\\\/uploads\\\/2020\\\/01\\\/cropped-Logo-3.png\",\"contentUrl\":\"https:\\\/\\\/initiative-waidmannslust.com\\\/wp-content\\\/uploads\\\/2020\\\/01\\\/cropped-Logo-3.png\",\"width\":200,\"height\":52,\"caption\":\"Initiative Waidmannslust\"},\"image\":{\"@id\":\"https:\\\/\\\/initiative-waidmannslust.com\\\/#\\\/schema\\\/logo\\\/image\\\/\"}}]}<\/script>\n<!-- \/ Yoast SEO plugin. -->","yoast_head_json":{"title":"Interview mit Pfarrer Anders - Initiative-Waidmannslust","robots":{"index":"index","follow":"follow","max-snippet":"max-snippet:-1","max-image-preview":"max-image-preview:large","max-video-preview":"max-video-preview:-1"},"canonical":"https:\/\/initiative-waidmannslust.com\/index.php\/pfarrer-anders\/","og_locale":"de_DE","og_type":"article","og_title":"Interview mit Pfarrer Anders - Initiative-Waidmannslust","og_description":"Herr Anders, seit 2019 sind Sie als Gemeindepfarrer der Evangelischen &hellip;","og_url":"https:\/\/initiative-waidmannslust.com\/index.php\/pfarrer-anders\/","og_site_name":"Initiative-Waidmannslust","article_modified_time":"2021-09-27T18:15:32+00:00","og_image":[{"url":"https:\/\/initiative-waidmannslust.com\/wp-content\/uploads\/2021\/06\/Herr-Anders_Passbildgroesse-1.jpg","type":"","width":"","height":""}],"twitter_card":"summary_large_image","twitter_misc":{"Gesch\u00e4tzte Lesezeit":"5\u00a0Minuten"},"schema":{"@context":"https:\/\/schema.org","@graph":[{"@type":"WebPage","@id":"https:\/\/initiative-waidmannslust.com\/index.php\/pfarrer-anders\/","url":"https:\/\/initiative-waidmannslust.com\/index.php\/pfarrer-anders\/","name":"Interview mit Pfarrer Anders - Initiative-Waidmannslust","isPartOf":{"@id":"https:\/\/initiative-waidmannslust.com\/#website"},"primaryImageOfPage":{"@id":"https:\/\/initiative-waidmannslust.com\/index.php\/pfarrer-anders\/#primaryimage"},"image":{"@id":"https:\/\/initiative-waidmannslust.com\/index.php\/pfarrer-anders\/#primaryimage"},"thumbnailUrl":"https:\/\/initiative-waidmannslust.com\/wp-content\/uploads\/2021\/06\/Herr-Anders_Passbildgroesse-1.jpg","datePublished":"2021-09-27T18:14:56+00:00","dateModified":"2021-09-27T18:15:32+00:00","breadcrumb":{"@id":"https:\/\/initiative-waidmannslust.com\/index.php\/pfarrer-anders\/#breadcrumb"},"inLanguage":"de","potentialAction":[{"@type":"ReadAction","target":["https:\/\/initiative-waidmannslust.com\/index.php\/pfarrer-anders\/"]}]},{"@type":"ImageObject","inLanguage":"de","@id":"https:\/\/initiative-waidmannslust.com\/index.php\/pfarrer-anders\/#primaryimage","url":"https:\/\/initiative-waidmannslust.com\/wp-content\/uploads\/2021\/06\/Herr-Anders_Passbildgroesse-1.jpg","contentUrl":"https:\/\/initiative-waidmannslust.com\/wp-content\/uploads\/2021\/06\/Herr-Anders_Passbildgroesse-1.jpg","width":413,"height":532},{"@type":"BreadcrumbList","@id":"https:\/\/initiative-waidmannslust.com\/index.php\/pfarrer-anders\/#breadcrumb","itemListElement":[{"@type":"ListItem","position":1,"name":"Startseite","item":"https:\/\/initiative-waidmannslust.com\/"},{"@type":"ListItem","position":2,"name":"Interview mit Pfarrer Anders"}]},{"@type":"WebSite","@id":"https:\/\/initiative-waidmannslust.com\/#website","url":"https:\/\/initiative-waidmannslust.com\/","name":"Initiative-Waidmannslust","description":"","publisher":{"@id":"https:\/\/initiative-waidmannslust.com\/#organization"},"potentialAction":[{"@type":"SearchAction","target":{"@type":"EntryPoint","urlTemplate":"https:\/\/initiative-waidmannslust.com\/?s={search_term_string}"},"query-input":{"@type":"PropertyValueSpecification","valueRequired":true,"valueName":"search_term_string"}}],"inLanguage":"de"},{"@type":"Organization","@id":"https:\/\/initiative-waidmannslust.com\/#organization","name":"Initiative Waidmannslust","url":"https:\/\/initiative-waidmannslust.com\/","logo":{"@type":"ImageObject","inLanguage":"de","@id":"https:\/\/initiative-waidmannslust.com\/#\/schema\/logo\/image\/","url":"https:\/\/initiative-waidmannslust.com\/wp-content\/uploads\/2020\/01\/cropped-Logo-3.png","contentUrl":"https:\/\/initiative-waidmannslust.com\/wp-content\/uploads\/2020\/01\/cropped-Logo-3.png","width":200,"height":52,"caption":"Initiative Waidmannslust"},"image":{"@id":"https:\/\/initiative-waidmannslust.com\/#\/schema\/logo\/image\/"}}]}},"_links":{"self":[{"href":"https:\/\/initiative-waidmannslust.com\/index.php\/wp-json\/wp\/v2\/pages\/907","targetHints":{"allow":["GET"]}}],"collection":[{"href":"https:\/\/initiative-waidmannslust.com\/index.php\/wp-json\/wp\/v2\/pages"}],"about":[{"href":"https:\/\/initiative-waidmannslust.com\/index.php\/wp-json\/wp\/v2\/types\/page"}],"author":[{"embeddable":true,"href":"https:\/\/initiative-waidmannslust.com\/index.php\/wp-json\/wp\/v2\/users\/1"}],"replies":[{"embeddable":true,"href":"https:\/\/initiative-waidmannslust.com\/index.php\/wp-json\/wp\/v2\/comments?post=907"}],"version-history":[{"count":1,"href":"https:\/\/initiative-waidmannslust.com\/index.php\/wp-json\/wp\/v2\/pages\/907\/revisions"}],"predecessor-version":[{"id":908,"href":"https:\/\/initiative-waidmannslust.com\/index.php\/wp-json\/wp\/v2\/pages\/907\/revisions\/908"}],"wp:attachment":[{"href":"https:\/\/initiative-waidmannslust.com\/index.php\/wp-json\/wp\/v2\/media?parent=907"}],"curies":[{"name":"wp","href":"https:\/\/api.w.org\/{rel}","templated":true}]}}