{"id":21,"date":"2020-01-21T16:56:50","date_gmt":"2020-01-21T16:56:50","guid":{"rendered":"http:\/\/initiative-waidmannslust.com\/?page_id=21"},"modified":"2021-06-22T16:27:52","modified_gmt":"2021-06-22T16:27:52","slug":"unsere-kernthemen-im-jahr-2020","status":"publish","type":"page","link":"https:\/\/initiative-waidmannslust.com\/index.php\/unsere-kernthemen-im-jahr-2020\/","title":{"rendered":"Kernthemen"},"content":{"rendered":"\n<div class=\"schema-how-to wp-block-yoast-how-to-block\"><p class=\"schema-how-to-description\"><strong>Die Initiative Waidmannslust setzt sich f\u00fcr folgende Kernthemen ein:<\/strong><\/p> <ol class=\"schema-how-to-steps\"><li class=\"schema-how-to-step\" id=\"how-to-step-1581872179522\"><strong class=\"schema-how-to-step-name\"> Beseitigung von Leerstand und Schandflecken, von Vernachl\u00e4ssigung und Verfall <\/strong> <p class=\"schema-how-to-step-text\"><\/p> <\/li><li class=\"schema-how-to-step\" id=\"how-to-step-1581872221844\"><strong class=\"schema-how-to-step-name\"> Verbesserung der Verkehrssituation und der Verkehrssicherheit <\/strong> <p class=\"schema-how-to-step-text\"><\/p> <\/li><li class=\"schema-how-to-step\" id=\"how-to-step-1581872230046\"><strong class=\"schema-how-to-step-name\"> Belebung der kommerziellen Infrastruktur ( Gesch\u00e4fte, Gastronomie, etc.) <\/strong> <p class=\"schema-how-to-step-text\"><\/p> <\/li><li class=\"schema-how-to-step\" id=\"how-to-step-1581872239292\"><strong class=\"schema-how-to-step-name\"> Gelebte Nachbarschaft &amp;  das Miteinander f\u00f6rdern  <\/strong> <p class=\"schema-how-to-step-text\"><\/p> <\/li><li class=\"schema-how-to-step\" id=\"how-to-step-1581872242554\"><strong class=\"schema-how-to-step-name\"> Wohnraum f\u00fcr Familien <\/strong> <p class=\"schema-how-to-step-text\"><\/p> <\/li><li class=\"schema-how-to-step\" id=\"how-to-step-1581872249931\"><strong class=\"schema-how-to-step-name\"> Spielpl\u00e4tze &amp; Begegnungspl\u00e4tze <\/strong> <p class=\"schema-how-to-step-text\"><\/p> <\/li><li class=\"schema-how-to-step\" id=\"how-to-step-1581872256647\"><strong class=\"schema-how-to-step-name\"> Einbindung der Cit\u00e9 Foch nach der Aufl\u00f6sung des Vereins Cit\u00e9 Foch <\/strong> <p class=\"schema-how-to-step-text\"><\/p> <\/li><li class=\"schema-how-to-step\" id=\"how-to-step-1581872266303\"><strong class=\"schema-how-to-step-name\"> Feuerwerk-, B\u00f6llerverbot vor allem im und am Flie\u00df  <\/strong> <p class=\"schema-how-to-step-text\"><\/p> <\/li><\/ol><\/div>\n","protected":false},"excerpt":{"rendered":"","protected":false},"author":1,"featured_media":0,"parent":0,"menu_order":0,"comment_status":"closed","ping_status":"closed","template":"","meta":{"_bbp_topic_count":0,"_bbp_reply_count":0,"_bbp_total_topic_count":0,"_bbp_total_reply_count":0,"_bbp_voice_count":0,"_bbp_anonymous_reply_count":0,"_bbp_topic_count_hidden":0,"_bbp_reply_count_hidden":0,"_bbp_forum_subforum_count":0,"footnotes":""},"class_list":["post-21","page","type-page","status-publish","hentry"],"yoast_head":"<!-- This site is optimized with the Yoast SEO plugin v27.5 - https:\/\/yoast.com\/product\/yoast-seo-wordpress\/ -->\n<title>Kernthemen - Initiative-Waidmannslust<\/title>\n<meta name=\"description\" content=\"Die Initiative Waidmannslust hat einige Kernthemen identifiziert, an denen schwerpunktm\u00e4\u00dfig gearbeitet wird, um hier Verbesserungen herbeizuf\u00fchren.\" \/>\n<meta name=\"robots\" content=\"index, follow, max-snippet:-1, max-image-preview:large, max-video-preview:-1\" \/>\n<link rel=\"canonical\" href=\"https:\/\/initiative-waidmannslust.com\/index.php\/unsere-kernthemen-im-jahr-2020\/\" \/>\n<meta property=\"og:locale\" content=\"de_DE\" \/>\n<meta property=\"og:type\" content=\"article\" \/>\n<meta property=\"og:title\" content=\"Kernthemen - Initiative-Waidmannslust\" \/>\n<meta property=\"og:description\" content=\"Die Initiative Waidmannslust hat einige Kernthemen identifiziert, an denen schwerpunktm\u00e4\u00dfig gearbeitet wird, um hier Verbesserungen herbeizuf\u00fchren.\" \/>\n<meta property=\"og:url\" content=\"https:\/\/initiative-waidmannslust.com\/index.php\/unsere-kernthemen-im-jahr-2020\/\" \/>\n<meta property=\"og:site_name\" content=\"Initiative-Waidmannslust\" \/>\n<meta property=\"article:modified_time\" content=\"2021-06-22T16:27:52+00:00\" \/>\n<meta name=\"twitter:card\" content=\"summary_large_image\" \/>\n<meta name=\"twitter:label1\" content=\"Gesch\u00e4tzte Lesezeit\" \/>\n\t<meta name=\"twitter:data1\" content=\"1\u00a0Minute\" \/>\n<script type=\"application\/ld+json\" class=\"yoast-schema-graph\">{\"@context\":\"https:\\\/\\\/schema.org\",\"@graph\":[{\"@type\":\"WebPage\",\"@id\":\"https:\\\/\\\/initiative-waidmannslust.com\\\/index.php\\\/unsere-kernthemen-im-jahr-2020\\\/\",\"url\":\"https:\\\/\\\/initiative-waidmannslust.com\\\/index.php\\\/unsere-kernthemen-im-jahr-2020\\\/\",\"name\":\"Kernthemen - Initiative-Waidmannslust\",\"isPartOf\":{\"@id\":\"https:\\\/\\\/initiative-waidmannslust.com\\\/#website\"},\"datePublished\":\"2020-01-21T16:56:50+00:00\",\"dateModified\":\"2021-06-22T16:27:52+00:00\",\"description\":\"Die Initiative Waidmannslust hat einige Kernthemen identifiziert, an denen schwerpunktm\u00e4\u00dfig gearbeitet wird, um hier Verbesserungen herbeizuf\u00fchren.\",\"breadcrumb\":{\"@id\":\"https:\\\/\\\/initiative-waidmannslust.com\\\/index.php\\\/unsere-kernthemen-im-jahr-2020\\\/#breadcrumb\"},\"inLanguage\":\"de\",\"potentialAction\":[{\"@type\":\"ReadAction\",\"target\":[\"https:\\\/\\\/initiative-waidmannslust.com\\\/index.php\\\/unsere-kernthemen-im-jahr-2020\\\/\"]}]},{\"@type\":\"BreadcrumbList\",\"@id\":\"https:\\\/\\\/initiative-waidmannslust.com\\\/index.php\\\/unsere-kernthemen-im-jahr-2020\\\/#breadcrumb\",\"itemListElement\":[{\"@type\":\"ListItem\",\"position\":1,\"name\":\"Startseite\",\"item\":\"https:\\\/\\\/initiative-waidmannslust.com\\\/\"},{\"@type\":\"ListItem\",\"position\":2,\"name\":\"Kernthemen\"}]},{\"@type\":\"WebSite\",\"@id\":\"https:\\\/\\\/initiative-waidmannslust.com\\\/#website\",\"url\":\"https:\\\/\\\/initiative-waidmannslust.com\\\/\",\"name\":\"Initiative-Waidmannslust\",\"description\":\"\",\"publisher\":{\"@id\":\"https:\\\/\\\/initiative-waidmannslust.com\\\/#organization\"},\"potentialAction\":[{\"@type\":\"SearchAction\",\"target\":{\"@type\":\"EntryPoint\",\"urlTemplate\":\"https:\\\/\\\/initiative-waidmannslust.com\\\/?s={search_term_string}\"},\"query-input\":{\"@type\":\"PropertyValueSpecification\",\"valueRequired\":true,\"valueName\":\"search_term_string\"}}],\"inLanguage\":\"de\"},{\"@type\":\"Organization\",\"@id\":\"https:\\\/\\\/initiative-waidmannslust.com\\\/#organization\",\"name\":\"Initiative Waidmannslust\",\"url\":\"https:\\\/\\\/initiative-waidmannslust.com\\\/\",\"logo\":{\"@type\":\"ImageObject\",\"inLanguage\":\"de\",\"@id\":\"https:\\\/\\\/initiative-waidmannslust.com\\\/#\\\/schema\\\/logo\\\/image\\\/\",\"url\":\"https:\\\/\\\/initiative-waidmannslust.com\\\/wp-content\\\/uploads\\\/2020\\\/01\\\/cropped-Logo-3.png\",\"contentUrl\":\"https:\\\/\\\/initiative-waidmannslust.com\\\/wp-content\\\/uploads\\\/2020\\\/01\\\/cropped-Logo-3.png\",\"width\":200,\"height\":52,\"caption\":\"Initiative Waidmannslust\"},\"image\":{\"@id\":\"https:\\\/\\\/initiative-waidmannslust.com\\\/#\\\/schema\\\/logo\\\/image\\\/\"}},{\"@type\":\"HowTo\",\"@id\":\"https:\\\/\\\/initiative-waidmannslust.com\\\/index.php\\\/unsere-kernthemen-im-jahr-2020\\\/#howto-1\",\"name\":\"Kernthemen\",\"mainEntityOfPage\":{\"@id\":\"https:\\\/\\\/initiative-waidmannslust.com\\\/index.php\\\/unsere-kernthemen-im-jahr-2020\\\/\"},\"description\":\"<strong>Die Initiative Waidmannslust setzt sich f\u00fcr folgende Kernthemen ein:<\\\/strong>\",\"step\":[{\"@type\":\"HowToStep\",\"url\":\"https:\\\/\\\/initiative-waidmannslust.com\\\/index.php\\\/unsere-kernthemen-im-jahr-2020\\\/#how-to-step-1581872179522\",\"text\":\"Beseitigung von Leerstand und Schandflecken, von Vernachl\u00e4ssigung und Verfall\"},{\"@type\":\"HowToStep\",\"url\":\"https:\\\/\\\/initiative-waidmannslust.com\\\/index.php\\\/unsere-kernthemen-im-jahr-2020\\\/#how-to-step-1581872221844\",\"text\":\"Verbesserung der Verkehrssituation und der Verkehrssicherheit\"},{\"@type\":\"HowToStep\",\"url\":\"https:\\\/\\\/initiative-waidmannslust.com\\\/index.php\\\/unsere-kernthemen-im-jahr-2020\\\/#how-to-step-1581872230046\",\"text\":\"Belebung der kommerziellen Infrastruktur ( Gesch\u00e4fte, Gastronomie, etc.)\"},{\"@type\":\"HowToStep\",\"url\":\"https:\\\/\\\/initiative-waidmannslust.com\\\/index.php\\\/unsere-kernthemen-im-jahr-2020\\\/#how-to-step-1581872239292\",\"text\":\"Gelebte Nachbarschaft &amp; das Miteinander f\u00f6rdern\"},{\"@type\":\"HowToStep\",\"url\":\"https:\\\/\\\/initiative-waidmannslust.com\\\/index.php\\\/unsere-kernthemen-im-jahr-2020\\\/#how-to-step-1581872242554\",\"text\":\"Wohnraum f\u00fcr Familien\"},{\"@type\":\"HowToStep\",\"url\":\"https:\\\/\\\/initiative-waidmannslust.com\\\/index.php\\\/unsere-kernthemen-im-jahr-2020\\\/#how-to-step-1581872249931\",\"text\":\"Spielpl\u00e4tze &amp; Begegnungspl\u00e4tze\"},{\"@type\":\"HowToStep\",\"url\":\"https:\\\/\\\/initiative-waidmannslust.com\\\/index.php\\\/unsere-kernthemen-im-jahr-2020\\\/#how-to-step-1581872256647\",\"text\":\"Einbindung der Cit\u00e9 Foch nach der Aufl\u00f6sung des Vereins Cit\u00e9 Foch\"},{\"@type\":\"HowToStep\",\"url\":\"https:\\\/\\\/initiative-waidmannslust.com\\\/index.php\\\/unsere-kernthemen-im-jahr-2020\\\/#how-to-step-1581872266303\",\"text\":\"Feuerwerk-, B\u00f6llerverbot vor allem im und am Flie\u00df\"}],\"inLanguage\":\"de\"}]}<\/script>\n<!-- \/ Yoast SEO plugin. -->","yoast_head_json":{"title":"Kernthemen - Initiative-Waidmannslust","description":"Die Initiative Waidmannslust hat einige Kernthemen identifiziert, an denen schwerpunktm\u00e4\u00dfig gearbeitet wird, um hier Verbesserungen herbeizuf\u00fchren.","robots":{"index":"index","follow":"follow","max-snippet":"max-snippet:-1","max-image-preview":"max-image-preview:large","max-video-preview":"max-video-preview:-1"},"canonical":"https:\/\/initiative-waidmannslust.com\/index.php\/unsere-kernthemen-im-jahr-2020\/","og_locale":"de_DE","og_type":"article","og_title":"Kernthemen - Initiative-Waidmannslust","og_description":"Die Initiative Waidmannslust hat einige Kernthemen identifiziert, an denen schwerpunktm\u00e4\u00dfig gearbeitet wird, um hier Verbesserungen herbeizuf\u00fchren.","og_url":"https:\/\/initiative-waidmannslust.com\/index.php\/unsere-kernthemen-im-jahr-2020\/","og_site_name":"Initiative-Waidmannslust","article_modified_time":"2021-06-22T16:27:52+00:00","twitter_card":"summary_large_image","twitter_misc":{"Gesch\u00e4tzte Lesezeit":"1\u00a0Minute"},"schema":{"@context":"https:\/\/schema.org","@graph":[{"@type":"WebPage","@id":"https:\/\/initiative-waidmannslust.com\/index.php\/unsere-kernthemen-im-jahr-2020\/","url":"https:\/\/initiative-waidmannslust.com\/index.php\/unsere-kernthemen-im-jahr-2020\/","name":"Kernthemen - Initiative-Waidmannslust","isPartOf":{"@id":"https:\/\/initiative-waidmannslust.com\/#website"},"datePublished":"2020-01-21T16:56:50+00:00","dateModified":"2021-06-22T16:27:52+00:00","description":"Die Initiative Waidmannslust hat einige Kernthemen identifiziert, an denen schwerpunktm\u00e4\u00dfig gearbeitet wird, um hier Verbesserungen herbeizuf\u00fchren.","breadcrumb":{"@id":"https:\/\/initiative-waidmannslust.com\/index.php\/unsere-kernthemen-im-jahr-2020\/#breadcrumb"},"inLanguage":"de","potentialAction":[{"@type":"ReadAction","target":["https:\/\/initiative-waidmannslust.com\/index.php\/unsere-kernthemen-im-jahr-2020\/"]}]},{"@type":"BreadcrumbList","@id":"https:\/\/initiative-waidmannslust.com\/index.php\/unsere-kernthemen-im-jahr-2020\/#breadcrumb","itemListElement":[{"@type":"ListItem","position":1,"name":"Startseite","item":"https:\/\/initiative-waidmannslust.com\/"},{"@type":"ListItem","position":2,"name":"Kernthemen"}]},{"@type":"WebSite","@id":"https:\/\/initiative-waidmannslust.com\/#website","url":"https:\/\/initiative-waidmannslust.com\/","name":"Initiative-Waidmannslust","description":"","publisher":{"@id":"https:\/\/initiative-waidmannslust.com\/#organization"},"potentialAction":[{"@type":"SearchAction","target":{"@type":"EntryPoint","urlTemplate":"https:\/\/initiative-waidmannslust.com\/?s={search_term_string}"},"query-input":{"@type":"PropertyValueSpecification","valueRequired":true,"valueName":"search_term_string"}}],"inLanguage":"de"},{"@type":"Organization","@id":"https:\/\/initiative-waidmannslust.com\/#organization","name":"Initiative Waidmannslust","url":"https:\/\/initiative-waidmannslust.com\/","logo":{"@type":"ImageObject","inLanguage":"de","@id":"https:\/\/initiative-waidmannslust.com\/#\/schema\/logo\/image\/","url":"https:\/\/initiative-waidmannslust.com\/wp-content\/uploads\/2020\/01\/cropped-Logo-3.png","contentUrl":"https:\/\/initiative-waidmannslust.com\/wp-content\/uploads\/2020\/01\/cropped-Logo-3.png","width":200,"height":52,"caption":"Initiative Waidmannslust"},"image":{"@id":"https:\/\/initiative-waidmannslust.com\/#\/schema\/logo\/image\/"}},{"@type":"HowTo","@id":"https:\/\/initiative-waidmannslust.com\/index.php\/unsere-kernthemen-im-jahr-2020\/#howto-1","name":"Kernthemen","mainEntityOfPage":{"@id":"https:\/\/initiative-waidmannslust.com\/index.php\/unsere-kernthemen-im-jahr-2020\/"},"description":"<strong>Die Initiative Waidmannslust setzt sich f\u00fcr folgende Kernthemen ein:<\/strong>","step":[{"@type":"HowToStep","url":"https:\/\/initiative-waidmannslust.com\/index.php\/unsere-kernthemen-im-jahr-2020\/#how-to-step-1581872179522","text":"Beseitigung von Leerstand und Schandflecken, von Vernachl\u00e4ssigung und Verfall"},{"@type":"HowToStep","url":"https:\/\/initiative-waidmannslust.com\/index.php\/unsere-kernthemen-im-jahr-2020\/#how-to-step-1581872221844","text":"Verbesserung der Verkehrssituation und der Verkehrssicherheit"},{"@type":"HowToStep","url":"https:\/\/initiative-waidmannslust.com\/index.php\/unsere-kernthemen-im-jahr-2020\/#how-to-step-1581872230046","text":"Belebung der kommerziellen Infrastruktur ( Gesch\u00e4fte, Gastronomie, etc.)"},{"@type":"HowToStep","url":"https:\/\/initiative-waidmannslust.com\/index.php\/unsere-kernthemen-im-jahr-2020\/#how-to-step-1581872239292","text":"Gelebte Nachbarschaft &amp; das Miteinander f\u00f6rdern"},{"@type":"HowToStep","url":"https:\/\/initiative-waidmannslust.com\/index.php\/unsere-kernthemen-im-jahr-2020\/#how-to-step-1581872242554","text":"Wohnraum f\u00fcr Familien"},{"@type":"HowToStep","url":"https:\/\/initiative-waidmannslust.com\/index.php\/unsere-kernthemen-im-jahr-2020\/#how-to-step-1581872249931","text":"Spielpl\u00e4tze &amp; Begegnungspl\u00e4tze"},{"@type":"HowToStep","url":"https:\/\/initiative-waidmannslust.com\/index.php\/unsere-kernthemen-im-jahr-2020\/#how-to-step-1581872256647","text":"Einbindung der Cit\u00e9 Foch nach der Aufl\u00f6sung des Vereins Cit\u00e9 Foch"},{"@type":"HowToStep","url":"https:\/\/initiative-waidmannslust.com\/index.php\/unsere-kernthemen-im-jahr-2020\/#how-to-step-1581872266303","text":"Feuerwerk-, B\u00f6llerverbot vor allem im und am Flie\u00df"}],"inLanguage":"de"}]}},"_links":{"self":[{"href":"https:\/\/initiative-waidmannslust.com\/index.php\/wp-json\/wp\/v2\/pages\/21","targetHints":{"allow":["GET"]}}],"collection":[{"href":"https:\/\/initiative-waidmannslust.com\/index.php\/wp-json\/wp\/v2\/pages"}],"about":[{"href":"https:\/\/initiative-waidmannslust.com\/index.php\/wp-json\/wp\/v2\/types\/page"}],"author":[{"embeddable":true,"href":"https:\/\/initiative-waidmannslust.com\/index.php\/wp-json\/wp\/v2\/users\/1"}],"replies":[{"embeddable":true,"href":"https:\/\/initiative-waidmannslust.com\/index.php\/wp-json\/wp\/v2\/comments?post=21"}],"version-history":[{"count":8,"href":"https:\/\/initiative-waidmannslust.com\/index.php\/wp-json\/wp\/v2\/pages\/21\/revisions"}],"predecessor-version":[{"id":875,"href":"https:\/\/initiative-waidmannslust.com\/index.php\/wp-json\/wp\/v2\/pages\/21\/revisions\/875"}],"wp:attachment":[{"href":"https:\/\/initiative-waidmannslust.com\/index.php\/wp-json\/wp\/v2\/media?parent=21"}],"curies":[{"name":"wp","href":"https:\/\/api.w.org\/{rel}","templated":true}]}}